 + 11*t. Is t a prime number?
True
Let d(i) = -3*i**2 + 21*i - 66. Let t be d(4). Is 9 + t/6 - -1*2317 a composite number?
True
Let i(q) = -52*q**3 + 2*q**2 + 4*q + 3. Let d be (-2)/(2 + (-34)/(-38) - 3). Suppose -9*m - d + 1 = 0. Is i(m) prime?
True
Suppose 2*a = -46 + 42. Let y(f) = -423*f**3 - 8*f - 12. Let i be y(a). Suppose 0 = c - 5*c - 5*r + 2723, -r + i = 5*c. Is c composite?
False
Let p(x) = 0*x + 3*x - 6*x + 0*x**2 - 7*x**2. Let r be p(-2). Is 1399*2*(-11)/r a prime number?
True
Suppose 28 = 198*v - 197*v. Let x be 2*1 + (51 - -1). Let o = x + v. Is o composite?
True
Suppose -3170*n = -3175*n + 105295. Is n composite?
False
Let y(r) = 6*r**3 - 8*r**2 - 2*r - 3*r - 5 + 6*r. Let w = 729 + -723. Is y(w) composite?
False
Let r = 25637 - -102276. Is r a composite number?
False
Suppose 4*a - 44051 = -2*j + 169263, 0 = -2*j + 6. Is a prime?
True
Let k(b) = 524*b**2 - 70*b + 1. Is k(-3) prime?
False
Let s(c) = -57*c + 6. Let a be s(6). Let u be a/12*(6 + -1)*-5. Suppose -d = -u + 23. Is d composite?
False
Let y(n) = -114*n**2 + 47*n**2 + 5*n + 14*n**3 - 15 + 55*n**2 + 7*n. Is y(9) a prime number?
False
Suppose -9*n = -14*n + t + 600359, t = -4*n + 480298. Is n prime?
False
Let p = 992005 + -647652. Is p a composite number?
False
Is (203955 + 110)*(-145)/(-25) composite?
True
Let t(l) = -460*l + 71. Let b(s) = 13*s + 40. Let h be b(-7). Is t(h) prime?
True
Let d(h) be the first derivative of 199*h**3 - 17*h**2/2 + 59*h - 143. Is d(3) prime?
True
Let n(p) = -7053*p - 2104. Is n(-11) composite?
False
Suppose -17483 = -2*a + 5*n, 5*n + 34971 = -0*a + 4*a. Let v be (-6 - a/16)/(2/(-4)). Let s = v + -774. Is s a composite number?
False
Is 591369 - ((-714)/(-21))/17 composite?
True
Let p(m) = 3*m**2 - 22 - 64*m - 33 + 10*m + 56*m. Is p(-38) a prime number?
True
Let g(b) = -2296*b + 11. Let r be g(-3). Suppose -r = 8*h - 21707. Is h a prime number?
False
Suppose -1589970 = -4638*u + 4628*u. Is u a composite number?
True
Let v(i) = -29731*i + 2. Let l be v(1). Let w = -16428 - l. Is w composite?
True
Suppose 9*v - 4*v = 3*a - 12, -a + 4 = v. Suppose 3*c + a*y - 2 = 0, -8 - 12 = -4*y. Let l(b) = -b**2 - 8*b + 2. Is l(c) composite?
True
Suppose 3*n - 1358787 = -y, -4*y - 150989 = -n + 301914. Is n a prime number?
False
Suppose -42 = 4*j - x + 4*x, -5*x = 10. Let p(i) = -3*i - 23. Let r be p(j). Is r/(-6) - (-240)/36 prime?
False
Let v = -1218826 + 2512113. Is v a composite number?
False
Let d(g) = -2466*g - 68. Let q be d(4). Let y = -5745 - q. Is y a composite number?
True
Let g(k) = -24*k**3 + 2*k**2 - k + 8. Let r(f) = 8*f**3 - f**2 - 3. Let s(z) = 3*g(z) + 8*r(z). Let v be s(-3). Suppose -j + v = -44. Is j prime?
True
Let h be (-2 + 0)*(-81)/27 + -1957. Let f = h - -5768. Is f a prime number?
False
Suppose 12 = -c - 3*z - 2, 4*z = c - 21. Is 4907 - (-2)/1*c - 0 composite?
False
Suppose -48*y + 951278 + 2053474 = 0. Is y prime?
False
Let y(a) = 2*a**2 + 14*a - 13. Let q be y(-8). Suppose 4*x - q*v = -0*x + 3193, 1601 = 2*x + 3*v. Is x prime?
False
Let j(g) = -2*g**2 - 7*g + 27. Let v be j(3). Is 1 + 1370 + 6/v*4 a prime number?
False
Let b(r) = 8210*r**2 - 9*r + 9. Is b(2) a composite number?
False
Suppose -4*c + r = -1135431, 2*r - 1629915 = -4*c - 494493. Suppose 226*a = 205*a + c. Is a composite?
True
Let y(i) = -i**2 - 15*i - 42. Let g be y(-11). Is g/((-16)/(-3)) - (-609986)/208 composite?
True
Suppose 3*c = -69 + 216. Let i = -47 + c. Is (-21)/i*106/(-3) composite?
True
Let w(n) = 159*n**2 - 3*n + 1. Let a be w(1). Let c(x) = 6 - a*x**2 - 4*x + 162*x**2 - 2*x. Is c(-11) a prime number?
True
Let g = 39 + -36. Suppose -1595 = -g*o - 401. Suppose 3*b = h - 191, -2*h = -0*h - 2*b - o. Is h prime?
False
Suppose -y - 3*p = 10, 4*y + p - 20 + 5 = 0. Let h be 17/4 + 2/(-8). Suppose -3*k = y*o - 5*k - 185, h*k + 74 = 2*o. Is o composite?
False
Let t be (-36)/8*4/3. Let f(x) = 14*x**3 + 80*x**2 + 43*x + 104. Let s(b) = -5*b**3 - 27*b**2 - 14*b - 35. Let a(p) = t*f(p) - 17*s(p). Is a(22) a prime number?
False
Suppose -2*p + 2 = -4*u, -u - 4*p + 17 = -p. Suppose 4*b = -0*b + 3*g + 37, u*b - 2*g = 20. Suppose -b*z = -3*z - 2108. Is z a composite number?
True
Suppose 51*c + 16 = 53*c, 0 = 4*x + c - 1068676. Is x a prime number?
True
Let f = -23 + 23. Suppose 18 = 2*b - f. Is ((-652)/6)/((-6)/b) prime?
True
Let o be (126/84)/((-3)/(-10)). Let j(s) = 3*s**3 - 12*s**2 + 4*s - 12. Let t(b) = -b**3 + b**2 + b + 1. Let y(i) = -j(i) - 4*t(i). Is y(o) a composite number?
False
Let s = -218 - -243. Is (-133332)/(-10) + (-5)/s prime?
False
Suppose -3*a + 2 = -2*j, 2*j - 4*j - 4*a = -12. Is (-1*j/(-6))/((-1)/(-993)) composite?
False
Suppose -2*u + 7*n + 187441 = 4*n, -4*u = -n - 374877. Is u prime?
True
Let f = -9455 + 13641. Let n = f + -1769. Is n composite?
False
Let s(g) be the third derivative of 32*g**2 + 0*g - 7/24*g**4 - 1/6*g**5 + 0 - 3/40*g**6 - 4/3*g**3. Is s(-7) a composite number?
True
Suppose -3*o + 15*o = -12. Let q(k) = -13329*k - 28. Is q(o) a composite number?
True
Suppose -n = n - 4228. Let q = n - 1261. Is q a composite number?
False
Suppose 6*z - 85362 = 56*q - 59*q, 14227 = z + 3*q. Is z a composite number?
True
Let k(s) = 7*s + 53. Let x be k(-6). Let u(q) = 27*q**2 + q**3 - 17 + 24*q - 7*q**2 - x*q**2. Is u(9) composite?
False
Let m = 63917 - -234254. Is m composite?
False
Let g = 148 + -184. Is ((-3)/(g/(-8)))/((-2)/26661) a prime number?
True
Suppose 4*f + 199614 = 2*v, -399249 = -4*v + 250*f - 245*f. Is v a composite number?
True
Let u = -46 + 110. Let n = u - 60. Suppose 3*c - n*v - 207 = 0, -3*c + v + 207 = -4*v. Is c prime?
False
Let j = -189 - -108. Let w(k) = -16*k - 342. Let x be w(-34). Is (x/(-18) + (-18)/j)*-19 a prime number?
False
Suppose -v + 575 = -3*n, 4*n + 0*n = -4. Let f = 1865 + v. Is f a prime number?
True
Let b(f) = 284*f + 9 - 8 - 1772*f - 7. Let k be b(2). Is ((-2)/4)/((-17885)/k + -6) a composite number?
True
Suppose -43*j = -4*j - 1716. Is 33/j - (-25393)/4 a prime number?
False
Suppose 2*i = -2, 5*z + 4*i - 8*i - 184 = 0. Suppose 14*y - z*y + 565114 = 0. Is y a prime number?
False
Let u = -18547 - -45544. Is u composite?
True
Let f(g) = 3*g - 16. Let l be f(6). Suppose l*t + 262 = -2*v, 0 = -5*t + 3*v - 463 - 224. Is t/(-6)*10/15 composite?
True
Suppose 41*l + 1145909 = 2*u + 46*l, l - 2864738 = -5*u. Is u composite?
True
Let l = 48118 + 7311. Suppose 12*b = b + l. Is b composite?
False
Let y(f) = -189*f**2 - 32*f - 126. Let p(t) = -189*t**2 - 35*t - 125. Let n(r) = 3*p(r) - 4*y(r). Is n(-7) prime?
False
Let y(x) = -428*x + 7. Let d be (0/(-2))/(7/7 + -2). Suppose -3*c + p = 5, d = -c - 7*p + 2*p - 7. Is y(c) prime?
True
Let h be (1*-1)/(25/(-75)). Let g(r) = 106*r - 6. Let p be g(h). Let l = 653 - p. Is l prime?
False
Suppose 0 = -9*z + 11*z - 5622. Let p = z + -1410. Is p a composite number?
True
Let r(s) = -3*s**2 - 3*s + 218663. Is r(0) a prime number?
False
Let c be (-6)/(-45) + -2 + (-2751)/45. Let a = 59 + c. Is -1 + 2 + (a - -8) + 576 a prime number?
False
Suppose 0 = 498*j - 487*j - 3133427. Is j a prime number?
True
Let k be 42*(-2)/(-4) + -4. Suppose 2*r = 4*a - k - 5, 0 = -3*a + 2*r + 18. Let m(v) = 83*v - 3. Is m(a) prime?
False
Suppose 69*v + 5*v - 74282 = 248876. Is v a composite number?
True
Let y(f) = 23*f**3 + 9*f**2 + 10*f - 10. Let z be y(6). Suppose 4*v - 21299 = -33*r + 36*r, -z = -v - 5*r. Is v a composite number?
True
Let o(x) = 8*x + 10*x + 1 + 3*x**3 - 20*x + 7*x**2 - 2. Is o(6) a prime number?
True
Suppose 2*t - 74 = -4*c, 5*c - 5*t = -8*t + 95. Suppose c*z - 25 = 7959. Is z a prime number?
True
Suppose 3*b = -4*w - 7, 3*b + 8 = -w + b. Let n be (-7981)/(-7) - 3/21. Suppose -w*d + 6946 = n. Is d a composite number?
False
Let b = -2117 + 3660. Is b a composite number?
False
Let g(m) = 2*m - 4. Let w(i) = -3*i - 58. Let r be w(-20). Let j be g(r). Suppose -4*t + 462 = -j*z - 5*z, 222 = 2*t + 2*z. Is t a composite number?
False
Suppose -9 = -4*j - 5. Suppose -9*m + 8*m - 3 = 0. Is 19/(120/39 + j*m) composite?
True
Suppose 4*w = 3*d - 226, d + 2*w - 66 = w. Suppose 21 + d = k. Is k composite?
True
Suppose -3*n = -2*t + 39282 - 2990927, 3935522 = 4*n + 2*t. Is n prime?
True
Let t = -376 - -378. Suppose t*g + 9195 = 2*z + 627, z = -3*g + 4304. Is z prime?
True
Let r(w) = 6304*w - 76. Let h b